st common factor of 3024672 and 643?
643
Calculate the highest common factor of 112 and 4907.
7
What is the greatest common factor of 954 and 288?
18
What is the highest common divisor of 35856 and 10368?
432
What is the greatest common factor of 492355 and 3835?
295
What is the greatest common factor of 37025 and 7?
1
What is the greatest common factor of 45 and 277380?
45
What is the highest common divisor of 312 and 40352?
104
Calculate the greatest common divisor of 540 and 51966.
18
What is the greatest common factor of 7225 and 25925?
425
What is the greatest common divisor of 2828 and 102515?
707
Calculate the greatest common divisor of 779 and 67051.
19
Calculate the greatest common divisor of 18518 and 23594.
94
Calculate the highest common factor of 18533 and 7327.
431
What is the highest common factor of 44520 and 560?
280
What is the highest common divisor of 92 and 11828?
4
Calculate the highest common divisor of 2502 and 1112.
278
What is the greatest common factor of 9 and 437058?
9
Calculate the highest common factor of 27058 and 29014.
326
Calculate the greatest common divisor of 1239 and 47103.
21
Calculate the highest common factor of 261288 and 5472.
1368
Calculate the greatest common divisor of 4859 and 15523.
43
Calculate the greatest common factor of 3759 and 152508.
537
Calculate the highest common factor of 1744 and 21146.
218
What is the greatest common divisor of 11 and 184393?
11
Calculate the greatest common divisor of 198936 and 432.
216
Calculate the highest common divisor of 646650 and 225.
225
What is the highest common divisor of 677516 and 448?
28
What is the greatest common divisor of 2457998 and 526?
526
Calculate the greatest common factor of 1898 and 3024463.
949
What is the highest common factor of 1170 and 1020?
30
Calculate the greatest common divisor of 975 and 325.
325
Calculate the highest common factor of 634 and 654922.
634
What is the highest common factor of 82652 and 60?
4
What is the greatest common divisor of 6080258 and 1038?
346
Calculate the highest common factor of 537822 and 36.
18
What is the highest common divisor of 285 and 881695?
95
What is the highest common divisor of 210 and 50596?
14
Calculate the highest common factor of 59210 and 107915.
955
What is the highest common factor of 57 and 390431?
19
Calculate the greatest common divisor of 14333 and 5819.
11
What is the greatest common divisor of 873945 and 135?
45
Calculate the highest common divisor of 1406325 and 14025.
1275
Calculate the greatest common factor of 188090 and 140.
70
Calculate the highest common factor of 171 and 41667.
57
What is the highest common divisor of 14 and 3028480?
14
Calculate the greatest common factor of 492800 and 840.
280
Calculate the greatest common divisor of 6688 and 3971.
209
What is the highest common factor of 41255 and 185?
185
What is the greatest common factor of 1760 and 44704?
352
What is the greatest common divisor of 1127 and 229222?
49
Calculate the highest common divisor of 390 and 205530.
390
Calculate the highest common divisor of 3162 and 884.
34
Calculate the highest common divisor of 325 and 561665.
65
Calculate the greatest common divisor of 1560 and 1020.
60
Calculate the greatest common divisor of 220 and 162160.
20
Calculate the highest common divisor of 3252 and 7859.
271
Calculate the highest common divisor of 18015 and 285.
15
Calculate the greatest common factor of 513058 and 182.
182
Calculate the greatest common factor of 125 and 425750.
125
Calculate the greatest common factor of 732 and 133407.
183
Calculate the highest common factor of 179255 and 5.
5
What is the greatest common divisor of 403136 and 832?
64
Calculate the highest common divisor of 58640 and 3410.
10
Calculate the greatest common divisor of 8259535 and 85.
85
What is the greatest common divisor of 1 and 24677?
1
What is the greatest common divisor of 19 and 90497?
19
Calculate the highest common factor of 60 and 596690.
10
What is the highest common divisor of 6 and 128502?
6
Calculate the greatest common factor of 15549 and 66.
3
Calculate the greatest common divisor of 36 and 4267548.
36
What is the highest common factor of 1925 and 1463?
77
What is the highest common divisor of 445 and 30527?
89
What is the greatest common divisor of 558 and 541818?
558
What is the highest common divisor of 616930 and 85?
85
What is the highest common factor of 33068 and 644?
28
What is the greatest common divisor of 320 and 1792?
64
What is the highest common divisor of 182 and 1005018?
14
What is the highest common factor of 472 and 5784950?
118
Calculate the highest common factor of 5670 and 15414.
42
Calculate the highest common divisor of 5900050 and 3250.
650
Calculate the greatest common divisor of 3111 and 14823.
183
What is the highest common divisor of 1590 and 156138?
318
Calculate the highest common divisor of 38390 and 286.
22
Calculate the greatest common factor of 51393 and 148.
37
Calculate the greatest common divisor of 1052 and 12361.
263
Calculate the greatest common divisor of 136 and 21947.
17
Calculate the greatest common factor of 930 and 1364.
62
Calculate the highest common divisor of 3 and 231684.
3
Calculate the greatest common factor of 13703 and 1930.
193
What is the highest common divisor of 25872 and 6048?
336
What is the greatest common divisor of 2086 and 295318?
298
Calculate the highest common factor of 236 and 1466858.
118
What is the greatest common factor of 1651914 and 162?
162
What is the greatest common divisor of 156 and 235?
1
What is the greatest common factor of 341 and 2959?
11
What is the highest common factor of 115 and 39859?
23
What is the highest common divisor of 680 and 4730?
10
Calculate the highest common divisor of 3929 and 81.
1
What is the greatest common divisor of 121119 and 3102?
141
What is the highest common divisor of 1922465 and 620?
155
Calculate the greatest common divisor of 1600 and 2350.
50
What is the highest common factor of 10752 and 77312?
512
What is the greatest common divisor of 9533 and 4?
1
Calculate the highest common divisor of 2455 and 4.
1
Calculate the highest common divisor of 5484 and 2688.
12
Calculate the highest common factor of 1696397 and 1124.
281
Calculate the highest common factor of 26 and 89.
1
What is the greatest common factor of 8 and 121672?
8
Calculate the highest common factor of 105456 and 16068.
156
Calculate the greatest common divisor of 456 and 615600.
456
Calculate the greatest common factor of 26364 and 264.
12
What is the greatest common factor of 1281 and 3782793?
1281
Calculate the greatest common factor of 20638 and 1292.
34
What is the highest common factor of 19584 and 11322?
306
What is the greatest common factor of 7979 and 183012?
101
Calculate the highest common factor of 5565 and 1365.
105
Calculate the highest common factor of 17160 and 42240.
1320
What is the greatest common divisor of 254539 and 2648?
331
What is the greatest common divisor of 742 and 344659?
371
Calculate the highest common factor of 440161 and 358.
179
What is the highest common divisor of 346 and 2865399?
173
Calculate the greatest common factor of 685 and 49.
1
What is the greatest common divisor of 1096 and 24?
8
Calculate the highest common divisor of 3 and 951.
3
Calculate the highest common factor of 22282316 and 28.
28
Calculate the highest common factor of 9 and 387027.
9
Calculate the highest common factor of 25 and 52225.
25
Calculate the highest common factor of 413 and 141069.
59
What is the greatest common factor of 348 and 12296?
116
What is the greatest common factor of 251 and 620723?
251
Calculate the greatest common factor of 133 and 8569.
19
Calculate the greatest common factor of 10 and 8095.
5
What is the highest common factor of 68 and 858415?
17
Calculate the highest common divisor of 2205 and 61515.
45
Calculate the highest common divisor of 4160 and 1495.
65
What is the highest common factor of 5612890 and 51?
17
Calculate the highest common factor of 43016 and 283.
283
Calculate the greatest common factor of 22919 and 6929.
533
Calculate the highest common factor of 53 and 825793.
53
What is the highest common divisor of 132 and 1232?
44
Calculate the greatest common divisor of 164978 and 22